y?
11
Let u be 1750/18 - 2/9. Let b = -25 + u. Let w be (38/1)/2 + -1. What is the highest common factor of w and b?
18
Let k be 4 - 2 - (-4 - -6). Suppose 5*t = k, 6 = 3*j + 4*t + 3. Let h be ((-8)/10)/(j/(-10)). Calculate the highest common divisor of h and 16.
8
Let u be 2*(1/(-2) - -1). Let p be (u - 1)/3 + 3. Calculate the highest common factor of p and 15.
3
Let w = -14 + 146. Let y(h) = h**2 - 5*h - 7. Let g be y(5). Let m be -7*((-9)/g + -3). What is the highest common divisor of w and m?
12
Suppose 3*f - 4*k = -5*k + 3, -9 = 3*f + 5*k. Calculate the greatest common divisor of f and 8.
2
Let t(z) = z**2 - 9*z + 14. Let c be t(11). What is the highest common divisor of c and 24?
12
Let t = 89 - 29. Calculate the highest common factor of 12 and t.
12
Let b(t) = t**2 - t - 2. Let p be b(-3). Let h be 19/2 + (-5)/p. Calculate the greatest common factor of h and 36.
9
Let u be (-26)/(-6) + 1/(-3). Let v = u - 4. Suppose -2*f + 8 = -v*f. What is the greatest common factor of f and 1?
1
Suppose -v = -3*b - 9, 3*b - 30 - 15 = -5*v. Let q(h) = 8*h. Let w be q(v). Calculate the greatest common divisor of w and 48.
24
Let v be (108/(-15) - 0)/(15/(-100)). What is the highest common factor of v and 6?
6
Let i = -50 - -68. What is the greatest common divisor of i and 24?
6
Let r be 2/10 + (-64)/(-5). Calculate the greatest common divisor of 130 and r.
13
Let a be 127/2 - 36/(-24). Suppose 3*l - a - 43 = 0. What is the highest common divisor of l and 54?
18
Suppose 0 = -y - 4*y + 50. What is the greatest common divisor of y and 20?
10
Suppose 0 = 2*z + 4*a + 11 + 15, 2*a = 5*z + 5. Let h = z + 7. Let g = 54 + -46. Calculate the greatest common factor of g and h.
4
Suppose -5*v + 27 = 2*x, 4*x - 3*v = -6 - 5. Let o = x + 10. Calculate the greatest common divisor of o and 11.
11
Let h = 64 - -24. Let a = 145 - 137. Calculate the greatest common divisor of h and a.
8
Suppose t - 3 = 0, 0 = -2*o - 0*o - 2*t + 30. Calculate the highest common factor of o and 60.
12
Let g(h) = -h**3 + 4 + 2*h + 11*h**2 - 3 + 1 - 8*h**2. Let r be g(3). Calculate the highest common factor of 16 and r.
8
Suppose -23 = -f - 0*f. Suppose 107 - f = 4*b. Suppose 39*o - 42*o + 9 = 0. Calculate the greatest common divisor of o and b.
3
Let k(p) = -p**2 - 1. Let s be k(-2). Let i = -5 - s. Suppose -3*a + i*y = -2*y - 291, 2*y - 402 = -4*a. What is the greatest common divisor of a and 11?
11
Suppose 8 = -v - 3*v + 3*l, -4*l = -v - 15. What is the highest common divisor of v and 7?
1
Suppose -33 = -4*v + 71. Suppose -4*y + 373 = -23. Let q = -60 + y. Calculate the greatest common divisor of v and q.
13
Suppose -k - k = 2*p - 12, -5*p = -2*k - 9. Calculate the greatest common divisor of 6 and k.
3
Suppose 104 = h + 2*s, 2*s = -0*s + 6. Suppose -5*q - 13 = -h. What is the greatest common divisor of 34 and q?
17
Suppose -4*w - c = -w - 47, -4*w - 2*c = -66. What is the greatest common factor of 154 and w?
14
Let i be 2/(-5) + (-247)/(-5). Suppose 2*c = -5*x + 32, -3*x - 4*c + 10 = -12. Suppose -r + x + 1 = 0. What is the greatest common divisor of i and r?
7
Let s be 8/(-12) - (-82)/6. Suppose 5*a - 2*n - 703 + 187 = 0, 0 = -2*a + 2*n + 204. Calculate the greatest common factor of s and a.
13
Let x(d) = d + 6. Suppose -3*h = 2*h. Let s be x(h). Let g be ((-8)/s)/(4/(-330)). Calculate the greatest common factor of 22 and g.
22
Let m = 225 - 161. Suppose 2*c + 5*a + 2 = 0, -4*c = 2*a - 0*a + 4. Let r be 18/2 - (c - -2). What is the highest common divisor of r and m?
8
Suppose 4*y = -u + 35, 5*u - y = 4*y + 225. What is the greatest common divisor of 43 and u?
43
Let t = 128 + -80. What is the highest common divisor of t and 24?
24
Let m(b) = -b**3 + b + 6. Let h be m(0). Let k = -109 + 157. Calculate the greatest common divisor of h and k.
6
Let m be 2 + -4 + 7 + -3. Suppose -m*p + 73 = b, 3*p - 67 - 4 = -b. Let q(k) = -3*k - 5. Let h be q(-4). Calculate the highest common divisor of b and h.
7
Let p(h) = h + 34. Let z be p(10). Calculate the highest common divisor of 110 and z.
22
Let q be 4*-1*150/(-8). Let b(p) = 31*p**3 - p**2. Let l be b(1). What is the greatest common divisor of l and q?
15
Suppose 0 = 5*o - 2*f - 75, -3*o - 3*f = 2*f - 14. Suppose -5*j + 195 = -0*j. What is the highest common factor of o and j?
13
Let z be 3/4*(5 - 1). Let p be -5*3/(-10) + (-210)/(-4). Suppose -4*t - p = -5*l + z, -5*t - 60 = -5*l. What is the greatest common factor of l and 3?
3
Let o(v) = v**2 - 4*v - 3. Let q = -6 - -3. Let p be o(q). Suppose 0 = a - 19 + 7. Calculate the highest common factor of p and a.
6
Let t = 20 - 8. Suppose 2*w + 2*w - t = 0. Suppose s = w*r - 1, -5*s = 2*r + 2*r - 71. What is the greatest common divisor of 44 and s?
11
Suppose -3*x - 15 = -w, -3*w - 2*x = -7*x - 57. What is the highest common divisor of w and 48?
24
Let p = 39 - 28. Suppose -7 = 2*d - 29. Calculate the highest common factor of p and d.
11
Suppose 0 = -4*n - 0*c + 3*c - 10, -2*c = 4. Let s = 31 - n. What is the highest common factor of s and 5?
5
Let k = 3 + 0. Suppose 63 = -0*m - k*m. Let n = 19 - m. What is the greatest common factor of n and 16?
8
Let w be ((-3)/4)/(1/(-216)). Let s = 107 + 3. Suppose -4*j = -5*n + s, -23 = -n + 4*j - 3*j. What is the greatest common factor of w and n?
18
Let h = 8 + 0. Suppose 4*z - 228 = -4*b, 0 = -z + 3*b - h*b + 69. Let q be 398/11 - 8/44. Calculate the greatest common divisor of z and q.
18
Let i(n) = -n**2 - 13*n + 8. Let b be i(-8). What is the greatest common divisor of b and 32?
16
Let n = 10 + 17. What is the highest common factor of n and 189?
27
Let r(w) = 30*w**2 + 3. Let o be r(-3). Let j = o - 129. Calculate the greatest common factor of j and 18.
18
Suppose -11*d + 62 = -9*d. Calculate the greatest common divisor of d and 31.
31
Let u be ((-21)/(-2))/(((-18)/(-8))/3). What is the greatest common factor of 2 and u?
2
Let a be -42*(5/3 + -2). Let f = a + -7. What is the greatest common factor of f and 1?
1
Suppose -r + 16 = r - 4*p, -2*r - 4*p + 16 = 0. Let k = 7 - 4. Let l = 7 - k. What is the highest common divisor of r and l?
4
Suppose 8*j - 3*j + 2*x = 9, 0 = j + x. Let b(m) = j - m - m - 4. Let f be b(-6). What is the highest common factor of f and 33?
11
Suppose 117 = -5*o - 393. Let k = o + 165. Calculate the highest common factor of 7 and k.
7
Let r(p) = -p - 2. Let z be r(-4). Suppose 20 = 3*s + z*s. Calculate the highest common factor of s and 2.
2
Let p be (-6)/(-27) - (-50)/18. Suppose 3*b - 335 = -y, 445 = -p*b + 7*b + y. What is the greatest common factor of 10 and b?
10
Suppose -5*w + 3*h + 525 = 126, -5*w - 4*h = -413. Suppose 0 = -4*n + 2*n + 54. Calculate the highest common factor of n and w.
27
Let h = 1 + 11. Suppose 4*j + 3*y - 19 = 0, -5*j + 4*y - 4 = -20. Suppose 0 = -2*m + j*m - 192. Calculate the greatest common factor of m and h.
12
Let q(x) = 7*x - 1. Let z be q(3). What is the greatest common divisor of z and 100?
20
Let c(b) = -b - 1. Let o be c(-3). Suppose 2*v = 3*v - 4. Calculate the greatest common divisor of v and o.
2
Let d be 62 + ((-15)/3 - -3). Suppose 2*j - d = -0*j. What is the greatest common factor of 10 and j?
10
Let d = 10 - 2. What is the greatest common factor of d and 88?
8
Let m(n) = n**2 + 8*n + 11. Suppose b + 4 = -4. Let r be m(b). Suppose -15*z + 18*z - 99 = 0. Calculate the highest common factor of z and r.
11
Let d be (-144)/(-10)*1*5. Let f(j) = -j + 5. Let s be f(2). Suppose d = s*r - 0*r. What is the greatest common factor of r and 3?
3
Suppose -4*g + 60 = g. What is the greatest common factor of g and 24?
12
Let o = 8 - 4. What is the highest common factor of 2 and o?
2
Let w be 126/4 - (-5)/10. What is the highest common factor of 32 and w?
32
Let g = 29 + -16. Suppose -1 - 25 = -2*z. Calculate the greatest common factor of g and z.
13
Let w(t) = t**3 + 8*t**2 - t - 4. Let k be w(-8). What is the highest common divisor of 8 and k?
4
Let r(o) be the second derivative of o**3/6 - o**2 - o. Let f be r(4). What is the greatest common divisor of f and 10?
2
Let k = 42 - -8. What is the greatest common factor of k and 5?
5
Suppose 3*d + 58 = 6*p - 2*p, 4 = 2*d. What is the greatest common factor of 64 and p?
16
Let j = -3 - -6. Let n = 3 - j. Suppose n*c - 15 = -3*c. What is the greatest common fa